{"id":76,"date":"2021-03-10T21:34:20","date_gmt":"2021-03-10T20:34:20","guid":{"rendered":"http:\/\/boutique.chantal-aloevera.com\/?post_type=product&#038;p=76"},"modified":"2021-03-10T21:34:20","modified_gmt":"2021-03-10T20:34:20","slug":"lr-lifetak-cell-essence-food","status":"publish","type":"product","link":"https:\/\/boutique.chantal-aloevera.com\/index.php\/produit\/lr-lifetak-cell-essence-food\/","title":{"rendered":"LR LIFETAK Cell Essence Food"},"content":{"rendered":"<h2>LR LIFETAK Cell Essence Food<\/h2>\n<p><strong>Cell Essence Food &#8211; la base du bon fonctionnement cellulaire\u00a0<sup>1,2<\/sup><\/strong><\/p>\n<p>Compl\u00e9ment alimentaire avec poudre v\u00e9g\u00e9tale, moringa, vitamines et min\u00e9raux. Ar\u00f4me naturel. Avec \u00e9dulcorant glycosides de st\u00e9viol. Sans lactose. Sans gluten<\/p>\n<p>Les cellules forment la base sur laquelle tous les processus de notre corps peuvent fonctionner correctement. Afin de les maintenir en bonne sant\u00e9 et de les prot\u00e9ger du stress oxydatif, il est particuli\u00e8rement important de fournir \u00e0 nos cellules les bons nutriments.<\/p>\n<p><strong>LR LIFETAKT CELL ESSENCE FOOD<\/strong>\u00a0constitue la base du bon fonctionnement cellulaire en fournissant aux cellules des nutriments de base importants et en les prot\u00e9geant du stress oxydatif.\u00a0<sup>1,2<\/sup><\/p>\n<ul>\n<li>Processus cellulaires optimaux gr\u00e2ce \u00e0 la formule innovante Cell Boost<\/li>\n<li>Le meilleur de la nature et de la science<\/li>\n<li>Des nutriments de haute qualit\u00e9 aux effets scientifiquement prouv\u00e9s<\/li>\n<li>+ Superaliments soigneusement s\u00e9lectionn\u00e9s<\/li>\n<li>= Processus cellulaires optimaux<\/li>\n<\/ul>\n<p><sup>1<\/sup>\u00a0vitamine C contribue au m\u00e9tabolisme \u00e9nerg\u00e9tique normal. La vitamine E aide \u00e0 prot\u00e9ger les cellules du stress oxydatif. La vitamine C contribue au fonctionnement normal du syst\u00e8me immunitaire.<\/p>\n<p><sup>2<\/sup>\u00a0La vitamine E aide \u00e0 prot\u00e9ger les cellules du stress oxydatif.<\/p>\n<p>* Bas\u00e9 sur le produit pr\u00e9par\u00e9.<\/p>\n","protected":false},"excerpt":{"rendered":"<p>N\u00b0 d&#8217;article: 81200-4<\/p>\n<p>180.00 g<\/p>\n<ul>\n<li>Soutient la fonctionnalit\u00e9 des cellules et les prot\u00e8ge du stress oxydatif<sup>1,2<\/sup><\/li>\n<li>Avec une combinaison de superaliments soigneusement s\u00e9lectionn\u00e9s tels que le moringa et l&#8217;ac\u00e9rola<\/li>\n<li>Enrichi d&#8217;un m\u00e9lange de vitamines, de min\u00e9raux et d&#8217;enzymes de haute qualit\u00e9 tels que la vitamine C, E, A, le zinc, le fer, la lipase et l&#8217;amylase<\/li>\n<li>Vegan, faible en sucre *, sans lactose, sans gluten<\/li>\n<li>Avec la formule innovante Cell Boost<\/li>\n<\/ul>\n","protected":false},"featured_media":77,"comment_status":"open","ping_status":"closed","template":"","meta":{"spay_email":""},"class_list":["post-76","product","type-product","status-publish","has-post-thumbnail","hentry","product_cat-alimentation-cellulaire","product_cat-lifetakt","product_cat-nutrition"],"_links":{"self":[{"href":"https:\/\/boutique.chantal-aloevera.com\/index.php\/wp-json\/wp\/v2\/product\/76","targetHints":{"allow":["GET"]}}],"collection":[{"href":"https:\/\/boutique.chantal-aloevera.com\/index.php\/wp-json\/wp\/v2\/product"}],"about":[{"href":"https:\/\/boutique.chantal-aloevera.com\/index.php\/wp-json\/wp\/v2\/types\/product"}],"replies":[{"embeddable":true,"href":"https:\/\/boutique.chantal-aloevera.com\/index.php\/wp-json\/wp\/v2\/comments?post=76"}],"wp:featuredmedia":[{"embeddable":true,"href":"https:\/\/boutique.chantal-aloevera.com\/index.php\/wp-json\/wp\/v2\/media\/77"}],"wp:attachment":[{"href":"https:\/\/boutique.chantal-aloevera.com\/index.php\/wp-json\/wp\/v2\/media?parent=76"}],"curies":[{"name":"wp","href":"https:\/\/api.w.org\/{rel}","templated":true}]}}