{"id":74,"date":"2021-03-10T21:21:24","date_gmt":"2021-03-10T20:21:24","guid":{"rendered":"http:\/\/boutique.chantal-aloevera.com\/?post_type=product&#038;p=74"},"modified":"2021-03-10T21:26:55","modified_gmt":"2021-03-10T20:26:55","slug":"av-drinking-gel-immune-plus-x3","status":"publish","type":"product","link":"https:\/\/boutique.chantal-aloevera.com\/index.php\/produit\/av-drinking-gel-immune-plus-x3\/","title":{"rendered":"AV Drinking Gel Immune Plus x3"},"content":{"rendered":"<p><strong>Triple action pour votre syst\u00e8me immunitaire<\/strong><\/p>\n<p><strong>+ SOUTIEN<\/strong>\u00a0: contribue au bon fonctionnement des cellules immunitaires\u00a0<sup>1<\/sup><br \/>\n<strong>+ ACTIVATION<\/strong>\u00a0: joue un r\u00f4le dans le processus de division cellulaire\u00a0<sup>1,2<\/sup><br \/>\n<strong>+ STIMULATION<\/strong>\u00a0: participe \u00e0 la stimulation du syst\u00e8me immunitaire\u00a0<sup>1,3<\/sup><\/p>\n<p><strong>L&#8217;Aloe Vera<\/strong>\u00a0: renforce, active et stimule le syst\u00e8me immunitaire.<sup>4<\/sup>\u00a0L\u2019Aloe Vera est une association entre les principes actifs que sont l\u2019Acemannan, les vitamines, les oligo-\u00e9l\u00e9ments, les min\u00e9raux et les enzymes.<br \/>\nGingembre : Il est riche en vitamine C et contient du magn\u00e9sium, du fer, du calcium, du potassium, du sodium et du phosphore.<\/p>\n<p><strong>Miel<\/strong>\u00a0: a des vertus bienfaisantes car il renferme des substances bioactives et des antioxydants. Un effet bienfaisant est attribu\u00e9 \u00e0 ses principes actifs.<br \/>\nCitron : contient naturellement une grande quantit\u00e9 de vitamine C et est r\u00e9guli\u00e8rement utilis\u00e9 comme rem\u00e8de maison.<\/p>\n<p><strong>Vitamine C<\/strong>\u00a0: soutient le syst\u00e8me immunitaire en prot\u00e9geant les cellules des radicaux libres.<sup>5<\/sup>\u00a0La vitamine C a en outre un effet positif sur de nombreux autres processus se d\u00e9roulant \u00e0 l\u2019int\u00e9rieur du corps humain.<br \/>\nZinc : Il fait partie des oligo-\u00e9l\u00e9ments essentiels dans le corps et est important pour les r\u00e9actions immunitaires.<sup>6<\/sup><br \/>\nS\u00e9l\u00e9nium : contribue au bon fonctionnement du syst\u00e8me immunitaire.<br \/>\nLes gels \u00e0 boire Aloe Vera vous apportent le soutien n\u00e9cessaire pour affronter toutes les situations de la vie. En plus de cela, les gels \u00e0 boires LR sont d\u00e9licieux. Variez les plaisirs avec leurs diff\u00e9rentes saveurs.<\/p>\n<p><strong>+ Votre fournisseur d&#8217;\u00e9nergie<\/strong>: Les principes actifs essentiels contenus dans le gel d&#8217;Aloe Vera apportent \u00e9nergie et vitalit\u00e9.<br \/>\n<strong>+ Votre syst\u00e8me immunitaire<\/strong>: Le gel \u00e0 boire Aloe Vera soutient le syst\u00e8me immunitaire et \u00e9quilibre les processus se d\u00e9roulant \u00e0 l&#8217;int\u00e9rieur de votre organisme.2<br \/>\n<strong>+ Votre R\u00e9g\u00e9n\u00e9rateur<\/strong>: Le gel \u00e0 boire Aloe Vera participe aux processus de constitution et de r\u00e9g\u00e9n\u00e9ration.3<br \/>\n<strong>+ Votre Pro du m\u00e9tabolisme<\/strong>: Le gel \u00e0 boire Aloe Vera stimule le m\u00e9tabolisme.1<\/p>\n<p><sup>1<\/sup>\u00a0La vitamine C, le zinc et le s\u00e9l\u00e9nium contribuent \u00e0 un bon fonctionnement du syst\u00e8me immunitaire.<br \/>\n<sup>2<\/sup>\u00a0Le zinc joue un r\u00f4le dans la s\u00e9paration des cellules.<br \/>\n<sup>3<\/sup>\u00a0La vitamine C contribue \u00e0 un m\u00e9tabolisme \u00e9nerg\u00e9tique normal.<br \/>\n<sup>4<\/sup>\u00a0La vitamine C contenue dans les gels \u00e0 boire contribue au fonctionnement normal du syst\u00e8me immunitaire.<br \/>\n<sup>5<\/sup>\u00a0La vitamine C contribue \u00e0 prot\u00e9ger les cellules contre le stress oxydant.<br \/>\n<sup>6<\/sup>\u00a0Le zinc contribue \u00e0 un m\u00e9tabolisme acido-basique normal.<br \/>\n<sup>*<\/sup>Teneur en alo\u00efne inf\u00e9rieure au seuil de d\u00e9tection de &lt;0,1mg\/L<br \/>\n<sup>*<\/sup>\u00a0Les compl\u00e9ments alimentaires ne doivent pas se substituer \u00e0 une alimentation vari\u00e9e<br \/>\net \u00e9quilibr\u00e9e et \u00e0 un mode de vie sain.<\/p>\n<p>&nbsp;<\/p>\n","protected":false},"excerpt":{"rendered":"<p>N\u00b0 d&#8217;article: 81003-4<\/p>\n<ul>\n<li>Le sp\u00e9cialiste pour votre syst\u00e8me immunitaire1<\/li>\n<li>85% de gel de feuille d&#8217;Aloe Vera, sans alo\u00efne<\/li>\n<li>Enrichi en gingembre, citron, miel ainsi qu&#8217;en boosters immunitaires que sont la vitamine C, le Zinc et le S\u00e9l\u00e9nium<\/li>\n<li>Haute qualit\u00e9 &#8211; Made in Germany<\/li>\n<\/ul>\n","protected":false},"featured_media":75,"comment_status":"open","ping_status":"closed","template":"","meta":{"spay_email":""},"class_list":["post-74","product","type-product","status-publish","has-post-thumbnail","hentry","product_cat-aloe-vera-drinking-gels","product_cat-nutrition"],"_links":{"self":[{"href":"https:\/\/boutique.chantal-aloevera.com\/index.php\/wp-json\/wp\/v2\/product\/74","targetHints":{"allow":["GET"]}}],"collection":[{"href":"https:\/\/boutique.chantal-aloevera.com\/index.php\/wp-json\/wp\/v2\/product"}],"about":[{"href":"https:\/\/boutique.chantal-aloevera.com\/index.php\/wp-json\/wp\/v2\/types\/product"}],"replies":[{"embeddable":true,"href":"https:\/\/boutique.chantal-aloevera.com\/index.php\/wp-json\/wp\/v2\/comments?post=74"}],"wp:featuredmedia":[{"embeddable":true,"href":"https:\/\/boutique.chantal-aloevera.com\/index.php\/wp-json\/wp\/v2\/media\/75"}],"wp:attachment":[{"href":"https:\/\/boutique.chantal-aloevera.com\/index.php\/wp-json\/wp\/v2\/media?parent=74"}],"curies":[{"name":"wp","href":"https:\/\/api.w.org\/{rel}","templated":true}]}}