{"id":35,"date":"2021-02-18T21:38:26","date_gmt":"2021-02-18T20:38:26","guid":{"rendered":"http:\/\/boutique.chantal-aloevera.com\/?post_type=product&#038;p=35"},"modified":"2021-03-18T16:03:16","modified_gmt":"2021-03-18T15:03:16","slug":"colostrum-gelules","status":"publish","type":"product","link":"https:\/\/boutique.chantal-aloevera.com\/index.php\/produit\/colostrum-gelules\/","title":{"rendered":"Colostrum g\u00e9lules"},"content":{"rendered":"<h2>LR Lifetakt Colostrum en g\u00e9lules<\/h2>\n<p>Offrez-vous le meilleur de la nature !<br \/>\nLes g\u00e9lulesColostrum renferment lemeilleur du premier lait sous une forme tr\u00e8s concentr\u00e9e. La pr\u00e9cieuse poudre de colostrum contenue dans les g\u00e9lules est extraite du premier lait maternel de la vache \u00e0 la naissance d&#8217;un veau. Le colostrum est uniquement d\u00e9graiss\u00e9 et d\u00e9licatement lyophilis\u00e9 afin de conserver ses pr\u00e9cieuses qualit\u00e9s nutritionnelles.<br \/>\nLa composition de qualit\u00e9 des g\u00e9lules Colostrum en font un produit de qualit\u00e9 Made in Germany sur lequel on peut compter. Pour le fabriquer, LR n&#8217;utilise que du colostrum exc\u00e9dentaire de vaches contr\u00f4l\u00e9 minutieusement.<\/p>\n<p>Chaque \u00e9tape de production des g\u00e9lules Colostrum fait l&#8217;objet d&#8217;une suivi conforme aux crit\u00e8res de qualit\u00e9 et aux normes de contr\u00f4le les plus stricts. En plus des contr\u00f4les internes, LR fait contr\u00f4ler r\u00e9guli\u00e8rement ses processus de traitement et la qualit\u00e9 de ses produits finis par l&#8217;institut ind\u00e9pendant SGS INSTITUT FRESENIUS.<\/p>\n<p>Les produits LR Colostrum ont obtenu comme distinction le label qualit\u00e9 de l&#8217;INSTITUT FRESENIUS, l&#8217;un des instituts de certification ind\u00e9pendants les plus rigoureux du march\u00e9.<\/p>\n","protected":false},"excerpt":{"rendered":"<p>N\u00b0 d&#8217;article: 80360-404<\/p>\n<p>30.00 g<\/p>\n<ul>\n<li>G\u00e9lules de colostrum \u00e0 prendre tous les jours<\/li>\n<li>Pour un bien-\u00eatre g\u00e9n\u00e9ral<\/li>\n<li>Prise quotidienne de 800 mg de poudre de colostrum bovin d\u00e9graiss\u00e9e et bienfaisante<\/li>\n<li>Label qualit\u00e9 du SGS INSTITUT FRESENIUS<\/li>\n<li>Fabriqu\u00e9es en Allemagne \u00e0 partir de colostrum de vaches europ\u00e9ennes uniquement<\/li>\n<\/ul>\n","protected":false},"featured_media":49,"comment_status":"open","ping_status":"closed","template":"","meta":{"spay_email":""},"class_list":["post-35","product","type-product","status-publish","has-post-thumbnail","hentry","product_cat-bien-etre-interieur-digestion","product_cat-complements-alimentaires","product_cat-lifetakt","product_cat-nutrition","product_cat-systeme-immunitaire-et-equilibre","product_cat-vital-care-lifetakt"],"_links":{"self":[{"href":"https:\/\/boutique.chantal-aloevera.com\/index.php\/wp-json\/wp\/v2\/product\/35","targetHints":{"allow":["GET"]}}],"collection":[{"href":"https:\/\/boutique.chantal-aloevera.com\/index.php\/wp-json\/wp\/v2\/product"}],"about":[{"href":"https:\/\/boutique.chantal-aloevera.com\/index.php\/wp-json\/wp\/v2\/types\/product"}],"replies":[{"embeddable":true,"href":"https:\/\/boutique.chantal-aloevera.com\/index.php\/wp-json\/wp\/v2\/comments?post=35"}],"wp:featuredmedia":[{"embeddable":true,"href":"https:\/\/boutique.chantal-aloevera.com\/index.php\/wp-json\/wp\/v2\/media\/49"}],"wp:attachment":[{"href":"https:\/\/boutique.chantal-aloevera.com\/index.php\/wp-json\/wp\/v2\/media?parent=35"}],"curies":[{"name":"wp","href":"https:\/\/api.w.org\/{rel}","templated":true}]}}